ose 4*x - 3*j = 5, -4*j - 3 - 8 = -x. Let t be x*2 + 0 + 145. Calculate the greatest common factor of t and 13.
13
Let w = -16 - -31. Let k(z) = 8*z + 2. Let q be k(6). Suppose 4*r + 5*f = q, 4*f - 18 = -3*r + 2*r. Calculate the highest common factor of r and w.
5
Let n be (1 - -2)*4/6. Let o(x) be the third derivative of x**4/6 - 10*x**2. Let y be o(n). Calculate the highest common divisor of y and 88.
8
Suppose 225 = -2*h + 7*h. What is the highest common factor of 30 and h?
15
Let j(s) = -s**2 - 6*s - 1. Let n be j(-5). Suppose 0 = f + 4*w - 3*w - 11, -34 = -n*f + w. Calculate the greatest common divisor of f and 90.
9
Let o be 2 + 1 + -3 + 5. Let r be (-12)/2*(0 + o). Let k = 54 + r. What is the greatest common factor of k and 60?
12
Let y(i) be the second derivative of 5*i**3/3 + 5*i**2/2 + 3*i. Let l be y(4). Let m = 105 - l. Calculate the highest common divisor of m and 24.
12
Let v(p) = p**2 + 2*p - 4. Let w be v(3). Suppose 3*h - 2*h + 4*f - 113 = 0, -f = 2. Calculate the greatest common divisor of w and h.
11
Let w be -3*(-6 + -2)*(-23)/(-3). What is the highest common divisor of 23 and w?
23
Let a be ((-6)/8)/(-3) - 2483/(-52). What is the highest common factor of 6 and a?
6
Let w(l) = -2*l + 5. Let a = 10 + -18. Let c be w(a). Let j = c + 7. What is the greatest common divisor of j and 7?
7
Suppose -3*i + 0*i - 69 = 0. Let a = 34 + i. What is the highest common divisor of 11 and a?
11
Let n(l) = -l + 7. Let u be n(4). Let m be 90*(-2 - (-10)/u). What is the highest common factor of m and 15?
15
Suppose -2*s - 18 = 4*s. Let d be ((-18)/(-10) - s)*5. Suppose -g + 4*g = 180. What is the highest common factor of d and g?
12
Let b(j) = 5*j - 30. Let r be b(12). Suppose 5*v - 5*d = -2*d + 16, -2*d - 4 = -2*v. Calculate the greatest common divisor of v and r.
5
Suppose 0 = -3*k - k. Suppose -2*w = 4*x + 2, -15 = 4*x + 5*w + 2. Suppose k = x*h + h - 60. Calculate the greatest common divisor of h and 10.
10
Suppose -41 = -g - 5*k, 4*k = -2*g + 5*k + 27. Calculate the highest common divisor of 4 and g.
4
Let i(n) = 5*n**2 + 9*n + 12. Let r be i(-5). Calculate the greatest common factor of r and 23.
23
Let f = 5 + 0. Suppose 0 = -f*l - d + 3 + 13, 0 = -5*l - 4*d + 19. Let o = 5 - l. What is the greatest common divisor of o and 2?
2
Let t(r) = -r**3 + 2*r**2 + 1. Let k be t(-3). Suppose -2*d + 243 - 13 = 0. What is the greatest common divisor of k and d?
23
Let y = -7 + 10. Suppose g + 7 = 5*q, y*q = -5*g - 0 + 21. Let d be 83 - (8/q - 2). Calculate the greatest common factor of 9 and d.
9
Suppose 6*h = -h + 105. Let s(t) = t**2 + t. Let a be s(-3). What is the highest common factor of h and a?
3
Suppose 12 = 2*w + n, 4*w + 2*n + n - 26 = 0. Let q(f) = -f + 5. Let o be q(w). Let x be -4*(-2 + o + -4). Calculate the greatest common divisor of x and 16.
8
Let x be 110/(-7) + 2/(-7). Let a be 0/4 - x/2. Let t = -321 + 329. Calculate the greatest common divisor of a and t.
8
Suppose -3*a + 18 = -a. Calculate the highest common divisor of 81 and a.
9
Let t(d) = -d**3 + 2*d**2 - 3*d + 3. Let n be t(-5). Let w = -74 + n. Let u = -59 + w. Calculate the greatest common divisor of 24 and u.
12
Let d(k) = -k**3 + 2*k**2 - k + 65. Let c be d(0). What is the highest common divisor of 52 and c?
13
Let q(y) = -y**2 + 9*y - 5. Let l be q(8). Let f(c) = 12*c - 2. Let u be f(l). Let r = 247 - 162. Calculate the greatest common divisor of r and u.
17
Let y be ((-36)/45)/(4/(-10)). What is the greatest common divisor of 26 and y?
2
Let m be (-65)/(-7) + (-12)/42. Let y be (15/m - -2)*3. Calculate the greatest common divisor of y and 22.
11
Let h(p) = -p**2 - 20*p + 12. Let r be h(-20). What is the greatest common divisor of r and 108?
12
Let s(v) be the third derivative of -v**6/120 - 2*v**5/15 - 3*v**4/8 - v**3/6 + 3*v**2. Let t be s(-7). What is the greatest common divisor of 91 and t?
13
Suppose -43 = -2*b + 433. Let y = 31 - 29. Suppose -2*r - 5*o + y*o + 99 = 0, -4*r + 2*o = -b. What is the highest common divisor of r and 38?
19
Let y(u) = u**3 - 7*u**2 - 9*u + 13. Let r be y(8). What is the highest common factor of 1 and r?
1
Let j be ((-14)/(-35))/(1/15). Suppose -w = 2*h - 5, w - 21 = 2*h + 4. Calculate the highest common divisor of j and w.
3
Let w(g) = 2*g**2 + 8*g + 3. Let r be w(-7). Let i = -6 - -3. Let y be (-3)/((-9)/i) + 10. Calculate the highest common divisor of y and r.
9
Let z = -90 + 210. Calculate the highest common divisor of 48 and z.
24
Let t(a) = 13*a**2 + 5*a - 5. Let z be t(5). Suppose 5*v - z = 55. Calculate the highest common divisor of 10 and v.
10
Let h = -10 - -16. Suppose h*c = 4*c + 4, -b + 4 = -3*c. Suppose 2*i - 490 = -5*i. What is the greatest common factor of i and b?
10
Let r(x) = 2*x - 6. Let y be r(6). Suppose -3*p = -y*p + 81. What is the highest common factor of p and 18?
9
Suppose -9 = n - 45. Suppose 2*z + n = 3*z. Calculate the greatest common factor of 18 and z.
18
Let h be -2 + (-3 - -1) + 3. Let g be (-6)/(-2 + h) - 0. What is the highest common divisor of 18 and g?
2
Let m be (-537)/(-6) - (-2)/4. Let z be 217/4 + 5/(-20). Suppose -3*p = -z + 9. Calculate the greatest common factor of p and m.
15
Suppose -5*m = 2*z - 51 - 22, -4*m + 48 = -z. Suppose a - 5*b = -3 + 1, 67 = 4*a + 5*b. Calculate the highest common factor of a and m.
13
Let r(z) = -16*z - 7 + 16 - 7*z. Let f be r(-9). Let a = 459 - f. What is the greatest common factor of a and 27?
27
Let c be 14*(156/(-63) + 2)*-9. What is the highest common divisor of 20 and c?
20
Let g(h) = 58*h + 3. Let m be g(2). What is the greatest common factor of m and 17?
17
Let t be (-572)/(-18) + (-6)/(-27). Suppose -5*a = -0*r - 4*r - 812, -5*a = 5*r - 785. What is the greatest common factor of t and a?
32
Let t be (-2)/1 - (1 + -39). What is the greatest common divisor of t and 9?
9
Suppose 3*u = 5*p - 7, 3*u - 9 = p - 4*p. Let m = -30 - -35. What is the highest common factor of p and m?
1
Let o(n) = -n**3 - 8*n**2 + 5. Let f be o(-8). Let u be 4432/(-20) + (-2)/f. Let i = -126 - u. What is the greatest common divisor of 12 and i?
12
Suppose 96 = -5*p - 2*v + 280, v = 2*p - 70. What is the greatest common divisor of 90 and p?
18
Suppose 0*r - 3*r + 2*g + 9 = 0, -8 = -4*r + 4*g. Suppose -2*k - n + 23 = 0, -r*k + 0*n + 55 = 3*n. Calculate the highest common divisor of k and 56.
14
Let z(g) = 7*g + 9. Let x be z(5). Calculate the greatest common factor of 4 and x.
4
Let o be (0/(0 + 2))/2. Suppose 4*r + o*r - 16 = 0. Calculate the greatest common divisor of r and 12.
4
Let i = 25 + -17. Let r be 12/96 - (-3 - 1653/24). Calculate the greatest common factor of r and i.
8
Suppose -4*t + 18 = -z, t = -0*t - 2*z. Suppose -t*j + 40 = 4*n, -j = -4*n - 14 - 11. Calculate the greatest common divisor of 39 and j.
13
Let n(h) = -2*h - 10. Let i be n(-3). Let l = 9 + i. What is the greatest common divisor of l and 1?
1
Suppose -3*k - 4*l + 362 = -50, -3*l + 129 = k. What is the highest common divisor of k and 18?
18
Let n(a) = -2*a. Let d be n(1). Let s be d/(-2*(-1)/(-4)). Suppose s*i + 14 - 58 = 0. What is the greatest common divisor of 110 and i?
11
Let t(l) = l**2 - 7*l + 4. Let u be t(4). Let j be 15/4*u/(-3). Calculate the highest common factor of 10 and j.
10
Suppose 2*r - 156 = m, -r = m - 77 - 7. Suppose y = -5*h + r, -2*h + 35 = 2*h - 5*y. Calculate the greatest common factor of 6 and h.
3
Let y be 1/(-2) + (-3)/6. Let z be (-2 - y)*(-2 + -13). Let t = -10 + z. What is the highest common divisor of 45 and t?
5
Let u be ((-2)/16*-2)/((-2)/(-24)). Calculate the highest common factor of 9 and u.
3
Let t be 2 + (2 - -45) + -2. Suppose -2*s + t = -63. Let v be 3/(9/39) - 2. What is the highest common factor of v and s?
11
Let a(b) = -78*b + 3. Let o(j) = 1 - 75*j - 35*j + 33*j + 3. Let g(r) = 3*a(r) - 2*o(r). Let v be g(-1). Calculate the greatest common divisor of 9 and v.
9
Let w(v) = 2*v + 2. Let g be (-38)/(-8) - (-2)/8. Let h be w(g). Suppose 2*n = -0*n + h. What is the highest common factor of 4 and n?
2
Suppose -16 = -h + 5*h. Let l be -9*h*2/6. Calculate the highest common divisor of l and 3.
3
Suppose 40 = -0*u + 4*u + 3*z, 3*z = 0. Let m be (-2)/(-5) + 18/5. Calculate the greatest common factor of m and u.
2
Suppose 10 = 5*q + 3*w, 3*w = -q + 3 - 1. Suppose q = p -